= 36*y. Let c be a(2). Let s = 9 - 6. Suppose 0 = s*v - 2*v - 12. What is the greatest common factor of c and v?
12
Let b(w) = -6*w + 4. Suppose -4*l - 5*a - 11 = -5, -5*l - 16 = 2*a. Let s be b(l). Calculate the highest common factor of 4 and s.
4
Suppose 12 = -5*h + 122. What is the highest common factor of 11 and h?
11
Suppose -2*z - 4*b - 12 = 0, 3*z + z = 2*b - 14. Let l be z/(3*(-2)/3). Let o be (-30)/(-1 + 2 - l). Calculate the highest common factor of 10 and o.
10
Suppose -3*n + 61 = -5*k - 70, 2*n - 2*k = 94. Calculate the greatest common factor of 13 and n.
13
Suppose -3*s - y + 214 = -3*y, 3*s = -3*y + 219. Let i = 5 + 4. What is the highest common factor of s and i?
9
Let x be (5/2)/(4/8). What is the highest common factor of 10 and x?
5
Suppose 2*v + 2*y - 4 = 0, 4*y + 0*y - 10 = -5*v. Suppose -4*k + v*w = 7*w - 285, -303 = -4*k + w. What is the highest common divisor of k and 15?
15
Suppose 2*n - 19 = -5*o - 5, -o = 2*n + 2. Let g be -13*n/6*2. Calculate the highest common divisor of g and 117.
13
Let t(w) = w**2 - 4*w + 2. Let z be t(4). Suppose -47 = -z*q + 91. Let g be (-1)/2 - q/(-6). Calculate the highest common factor of g and 11.
11
Let h(c) = 12*c + 6. Suppose 0 = 2*o - 6*o + 5*x + 38, -2*o = -3*x - 18. Let i be h(o). Calculate the highest common divisor of i and 30.
30
Let z(k) = 2*k - 9. Let c be z(8). Let t(j) = -3*j. Let p be t(1). Let v = p + c. What is the greatest common divisor of 20 and v?
4
Let l = -4 + 6. Suppose 16 = 2*s + l*s. Suppose 4*k - 20 = 0, 0 = -2*o - o + s*k + 19. Calculate the highest common divisor of o and 143.
13
Let v = -1104 - -726. Let w be 40/(-12)*v/15. Calculate the highest common factor of 21 and w.
21
Suppose 4*n = 4*t + 45 + 27, -5*n + 70 = -t. Let q(u) = u**2 + 42. Let h be q(0). Suppose w = -h + 159. Calculate the highest common factor of w and n.
13
Let l(p) = -2*p. Let o be l(-6). Let n be 4/6*30/4. Suppose n = 3*h - 31. What is the greatest common divisor of o and h?
12
Let n(r) = 3*r**2 - r + 1. Let j be n(1). Calculate the greatest common divisor of j and 27.
3
Suppose 114 = -137*o + 143*o. What is the highest common divisor of 57 and o?
19
Let v be (-50)/(-10) + 171*1. Calculate the greatest common factor of v and 22.
22
Suppose 5*l + 5*o = 100, 0 = 3*l - l - 5*o - 68. Let d be 2/8 + (-694)/(-8). Let z = d + -27. What is the highest common factor of z and l?
12
Suppose -4*j + 108 = -3*x, 5*x + 16 = x. Let q(f) = 7*f**3 - 2*f**2 + 2*f - 1. Let r be q(1). What is the greatest common factor of r and j?
6
Let f(i) = -3*i**3 - 3*i**2 + i + 20. Let x be f(-5). Calculate the highest common divisor of 35 and x.
35
Let o = -246 + 414. Calculate the greatest common factor of 21 and o.
21
Let n(u) = u + 3. Let z = -4 + 8. Let r be n(z). Calculate the greatest common factor of 63 and r.
7
Suppose 0 = 4*x - 6*x - 2. Let w be (-3)/1 - -4 - x. Calculate the greatest common factor of w and 1.
1
Let s = -4 - 0. Let l = s - 0. Let b be l/2*7/(-2). Calculate the highest common factor of 77 and b.
7
Let a = 27 + -14. What is the greatest common factor of a and 91?
13
Suppose 7*j + 432 = 15*j. Calculate the highest common factor of 135 and j.
27
Suppose 4*j - 23 = 13. What is the highest common divisor of 81 and j?
9
Suppose 12*u - 1256 + 104 = 0. Let b(s) = 7*s**2 + 2*s. Let j be b(-2). Calculate the greatest common divisor of u and j.
24
Suppose -13 - 47 = -3*j. What is the highest common divisor of 100 and j?
20
Suppose 0 = -z + 2*w + 10, w = 4*z - 4*w - 49. Suppose 3*u + z = 88. Calculate the greatest common divisor of u and 192.
24
Suppose 3*f = 5*d + 35, -5*f + 9 = -16. Let r be 5*(3 + (d - -2)). Let g = 1 - -14. Calculate the highest common factor of g and r.
5
Suppose -v + d = -53 - 8, -d - 301 = -5*v. Calculate the highest common divisor of v and 12.
12
Let d = -81 - -135. Suppose 4*g - k = d, -3*k - 1 - 44 = -3*g. Suppose -3*x + 70 = 2*l, -5*l + 167 - 57 = 5*x. Calculate the highest common factor of g and x.
13
Let h = 29 + 16. Let v = h + -25. Let l = v - 14. What is the highest common divisor of l and 54?
6
Suppose 5*c - 15 = -5. Suppose -f - 6 = -3*x, -c*x + 5*f + 6 = 2. Let u = -4 + 6. What is the highest common divisor of u and x?
2
Let x be 9 - (12 + 0)/6. Calculate the greatest common divisor of 28 and x.
7
Let a(f) = -4*f. Let o(z) = z**3 - 3*z - 3. Let y be o(-2). Let u be a(y). Let i be u/(-6)*(-18)/15. Calculate the highest common factor of 20 and i.
4
Suppose 7*d = 2*d + 5. Suppose x = -5*b + 7, 3*x + 4*b + d = 11. Calculate the highest common factor of x and 14.
2
Let j = 3 - -9. Suppose n - 3 = 0, 2*x + n - 195 = -72. What is the highest common factor of x and j?
12
Suppose -232 + 36 = -j. Suppose 0 = -5*z - 66 + j. Suppose -2*c + 17 = -0*c + 3*n, -3*c = 4*n - 27. Calculate the greatest common divisor of z and c.
13
Suppose -217 = -6*d - d. What is the greatest common divisor of d and 31?
31
Let l = -83 + 120. Let t = l - 7. What is the greatest common factor of 20 and t?
10
Suppose 4*y + 22 = 122. What is the highest common factor of 125 and y?
25
Let m(c) = c**2 + 2. Let a = 16 - 11. Let x be m(a). What is the greatest common factor of x and 18?
9
Let q(o) = o**3 + 5*o**2 - 3*o - 9. Let i be q(-5). Calculate the greatest common divisor of i and 4.
2
Let n(w) be the third derivative of 3*w**4/8 + w**3/2 + 2*w**2. Let z be n(3). Suppose -26 - z = -4*k. Calculate the highest common divisor of 2 and k.
2
Let q(b) = 4*b**2 + 4*b. Let c be q(-5). Let v = 15 + -15. Suppose a - 2 - 8 = v. Calculate the highest common factor of c and a.
10
Let z be (-2 - -1)/((-1)/19). Let b = z - -30. Suppose -4*o = -3*r - 0 - 31, 0 = 5*r + 5. What is the highest common divisor of b and o?
7
Suppose 0 + 5 = g, -2*g = -5*b + 80. Calculate the highest common factor of b and 18.
18
Suppose 2*t - 3*t = -5. Suppose -5 = t*i, 3*v - 11 = i + 5. Suppose -2*b + 9 = -1. What is the highest common divisor of b and v?
5
Let r(f) = f**3 + 6*f**2 - 6*f - 3. Let z be r(-5). Let t be (2/(-2))/((-1)/7). Suppose -3*i = -t*i + 52. Calculate the highest common divisor of i and z.
13
Suppose -2*h = -3*h - 14. Let y be 153/21 + 4/h. What is the greatest common factor of y and 7?
7
Suppose -254 - 91 = -4*z - 5*o, -3*z + 4*o = -282. Calculate the greatest common factor of z and 9.
9
Let w(n) = 25*n + 17. Let s be w(9). Calculate the highest common factor of s and 22.
22
Let m = 8 + -13. Let r be 0 - 5/(m/6). What is the highest common divisor of 30 and r?
6
Suppose 0 = -2*r - 10*r + 156. What is the highest common factor of 65 and r?
13
Let w be -9*(2 + (-66)/9). Let v = 2 + 4. What is the highest common factor of w and v?
6
Let t(a) = 29*a**3 - 2*a**2 + 1. Let q be t(-1). Let h = -23 - q. Calculate the greatest common factor of h and 7.
7
Let o(r) = 44*r**2. Let z be o(-2). Suppose 37 = 2*i + 5*q, 2*i + 0*i - 5*q = 27. Calculate the greatest common factor of i and z.
16
Suppose 5*u + 53 = 3*y, 0*u - 3*u + 6 = 0. What is the greatest common divisor of y and 56?
7
Suppose 1 = -3*b - 17. Let g be ((b - 2) + -1)*-4. Suppose 2*u = -2*u + g. What is the highest common divisor of u and 99?
9
Suppose 6 = l + 3. Suppose -3*f = 3*k - 48, -l*f + 20 = 5*k - 50. Calculate the greatest common factor of 11 and k.
11
Let y(o) = 4*o + 2. Let x be (-2 + 24/9)*6. Let f be y(x). What is the highest common divisor of 144 and f?
18
Suppose -2*b + 20 = 4*t - 6*b, -b = -2*t + 8. Suppose 0 = 3*a - 5*w - 30, t*w + 72 = 4*a + 7*w. Calculate the greatest common factor of 5 and a.
5
Let p(u) = u**3 + 7*u**2 + u - 14. Let r be p(-6). Calculate the highest common divisor of r and 2.
2
Let p = 77 - 122. Let q be ((-63)/15 - -1)*p. What is the greatest common factor of q and 16?
16
Let i be 3/(-6)*-28*1. What is the highest common divisor of i and 2?
2
Suppose 0 = -2*v + 56 - 2. What is the highest common divisor of v and 9?
9
Let l(k) = -2*k + 28. Suppose -5*i = -8*i. Let g be l(i). What is the greatest common divisor of g and 42?
14
Let b(u) = u**2 + 8*u + 2. Let k be b(-11). What is the greatest common factor of k and 14?
7
Suppose 5*o + w = 5*w + 71, -o + 3 = 2*w. Calculate the greatest common factor of 121 and o.
11
Suppose -2*f - 314 = -5*k, -3*k + 38 = 4*f - 166. Calculate the greatest common divisor of k and 16.
16
Suppose -3*z = -8*z - 15, 